{"id":715,"date":"2025-10-11T21:12:37","date_gmt":"2025-10-11T19:12:37","guid":{"rendered":"http:\/\/sualti.org\/?page_id=715"},"modified":"2026-03-31T20:21:58","modified_gmt":"2026-03-31T18:21:58","slug":"toplantilar-2","status":"publish","type":"page","link":"https:\/\/sualti.org\/?page_id=715","title":{"rendered":"TOPLANTILAR"},"content":{"rendered":"\n<figure class=\"wp-block-image size-full is-resized\"><img loading=\"lazy\" decoding=\"async\" width=\"970\" height=\"1368\" src=\"http:\/\/sualti.org\/wp-content\/uploads\/2025\/10\/Screenshot-2025-10-11-at-22.07.18-1.png\" alt=\"\" class=\"wp-image-719\" style=\"width:839px;height:auto\" srcset=\"https:\/\/sualti.org\/wp-content\/uploads\/2025\/10\/Screenshot-2025-10-11-at-22.07.18-1.png 970w, https:\/\/sualti.org\/wp-content\/uploads\/2025\/10\/Screenshot-2025-10-11-at-22.07.18-1-213x300.png 213w, https:\/\/sualti.org\/wp-content\/uploads\/2025\/10\/Screenshot-2025-10-11-at-22.07.18-1-768x1083.png 768w\" sizes=\"auto, (max-width: 970px) 100vw, 970px\" \/><\/figure>\n\n\n\n<p><strong>Say\u0131n Meslekta\u015flar\u0131m\u0131z,<\/strong><\/p>\n\n\n\n<p>19. Ulusal Sualt\u0131 Hekimli\u011fi ve Hiperbarik T\u0131p Toplant\u0131s\u0131\u2019n\u0131 \u00f6n\u00fcm\u00fczdeki ay sizlerle birlikte ger\u00e7ekle\u015ftirecek olmaktan b\u00fcy\u00fck mutluluk duyuyoruz. <strong>24\u201325 Nisan 2026<\/strong> tarihlerinde d\u00fczenlenecek toplant\u0131m\u0131za t\u00fcm meslekta\u015flar\u0131m\u0131z\u0131n yan\u0131 s\u0131ra bas\u0131n\u00e7 odas\u0131 operat\u00f6rleri, hem\u015fireler ve dalg\u0131\u00e7lar\u0131n kat\u0131l\u0131m\u0131 bizleri memnun edecektir.<\/p>\n\n\n\n<p>Toplant\u0131m\u0131z i\u00e7in g\u00f6nderilen serbest bildiriler Bilimsel Kurul taraf\u0131ndan de\u011ferlendirilmi\u015f olup, de\u011ferlendirme sonucunda on alt\u0131s\u0131 s\u00f6zl\u00fc, onu poster olarak sunulmak \u00fczere on alt\u0131 bildiri programda yer alm\u0131\u015ft\u0131r. Toplant\u0131 kitap\u00e7\u0131\u011f\u0131nda yer alacak bildirilerin tam metinleri <strong>20 Mart 2025 <\/strong>tarihine kadar <a href=\"mailto:shhtt2026@gmail.com\">shhtt2026@gmail.com<\/a> adresine g\u00f6nderilmesi gerekmektedir. Belirtilen tarihe kadar tam metni g\u00f6nderilmeyen bildiriler programdan \u00e7\u0131kar\u0131lacakt\u0131r. Serbest bildirileriyle toplant\u0131m\u0131za katk\u0131 sa\u011flayan t\u00fcm meslekta\u015flar\u0131m\u0131za te\u015fekk\u00fcr ederiz.<\/p>\n\n\n\n<p>Sosyal program\u0131 planlamak ve konaklama i\u00e7in destek olabilmemiz i\u00e7in kat\u0131l\u0131mc\u0131lar\u0131n <a href=\"https:\/\/forms.office.com\/r\/88ZWP13yJy\">https:\/\/forms.office.com\/r\/88ZWP13yJy<\/a> adresindeki <a href=\"https:\/\/forms.office.com\/r\/88ZWP13yJy\">kay\u0131t formunu<\/a> doldurmalar\u0131 gerekmektedir.<\/p>\n\n\n\n<p>Toplant\u0131ya ili\u015fkin her t\u00fcrl\u00fc g\u00f6r\u00fc\u015f, \u00f6neri ve sorular\u0131n\u0131z\u0131 <a href=\"mailto:shhtt2026@gmail.com\">shhtt2026@gmail.com<\/a> adresine e-posta yoluyla iletebilirsiniz.<\/p>\n\n\n\n<p>24\u201325 Nisan 2026 tarihlerinde Konya\u2019da ger\u00e7ekle\u015ftirece\u011fimiz 19. Ulusal Sualt\u0131 Hekimli\u011fi ve Hiperbarik T\u0131p toplant\u0131m\u0131zda sizleri aram\u0131zda g\u00f6rmekten ve a\u011f\u0131rlamaktan b\u00fcy\u00fck onur duyaca\u011f\u0131z.<\/p>\n\n\n\n<p>Sayg\u0131lar\u0131m\u0131zla,<br><strong>Du\u0308zenleme Kurulu Ad\u0131na<br>Do\u00e7. Dr. Abdullah ARSLAN<\/strong><\/p>\n\n\n\n<p><strong><br><\/strong><\/p>\n\n\n\n<p><br><\/p>\n","protected":false},"excerpt":{"rendered":"<p>Say\u0131n Meslekta\u015flar\u0131m\u0131z, 19. Ulusal Sualt\u0131 Hekimli\u011fi ve Hiperbarik T\u0131p Toplant\u0131s\u0131\u2019n\u0131 \u00f6n\u00fcm\u00fczdeki ay sizlerle birlikte ger\u00e7ekle\u015ftirecek olmaktan b\u00fcy\u00fck mutluluk duyuyoruz. 24\u201325 Nisan 2026 tarihlerinde d\u00fczenlenecek toplant\u0131m\u0131za&#8230;<\/p>\n<div class=\"more-link-wrapper\"><a class=\"more-link\" href=\"https:\/\/sualti.org\/?page_id=715\">Devam\u0131n\u0131 okuyun<span class=\"screen-reader-text\">TOPLANTILAR<\/span><\/a><\/div>\n","protected":false},"author":1,"featured_media":0,"parent":0,"menu_order":0,"comment_status":"closed","ping_status":"closed","template":"","meta":{"footnotes":""},"class_list":["post-715","page","type-page","status-publish","hentry","entry"],"_links":{"self":[{"href":"https:\/\/sualti.org\/index.php?rest_route=\/wp\/v2\/pages\/715","targetHints":{"allow":["GET"]}}],"collection":[{"href":"https:\/\/sualti.org\/index.php?rest_route=\/wp\/v2\/pages"}],"about":[{"href":"https:\/\/sualti.org\/index.php?rest_route=\/wp\/v2\/types\/page"}],"author":[{"embeddable":true,"href":"https:\/\/sualti.org\/index.php?rest_route=\/wp\/v2\/users\/1"}],"replies":[{"embeddable":true,"href":"https:\/\/sualti.org\/index.php?rest_route=%2Fwp%2Fv2%2Fcomments&post=715"}],"version-history":[{"count":8,"href":"https:\/\/sualti.org\/index.php?rest_route=\/wp\/v2\/pages\/715\/revisions"}],"predecessor-version":[{"id":797,"href":"https:\/\/sualti.org\/index.php?rest_route=\/wp\/v2\/pages\/715\/revisions\/797"}],"wp:attachment":[{"href":"https:\/\/sualti.org\/index.php?rest_route=%2Fwp%2Fv2%2Fmedia&parent=715"}],"curies":[{"name":"wp","href":"https:\/\/api.w.org\/{rel}","templated":true}]}}