{"id":310,"date":"2024-07-11T20:32:41","date_gmt":"2024-07-11T18:32:41","guid":{"rendered":"http:\/\/sualti.org\/?page_id=310"},"modified":"2026-04-02T16:28:49","modified_gmt":"2026-04-02T14:28:49","slug":"310-2","status":"publish","type":"page","link":"https:\/\/sualti.org\/","title":{"rendered":"G\u0130R\u0130\u015e"},"content":{"rendered":"\n<p><\/p>\n\n\n\n<p><strong>SUALTI ve H\u0130PERBAR\u0130K TIP DERNE\u011e\u0130<\/strong><\/p>\n\n\n\n<p>Uzmanl\u0131k Derne\u011fi <\/p>\n\n\n\n<p>Derne\u011fimiz \u201cT\u0131pta Uzmanl\u0131k Derne\u011fi\u201d olup Sualt\u0131 ve Hiperbarik T\u0131p alan\u0131ndaki geli\u015fmelere katk\u0131da bulunmak, bu alanda u\u011fra\u015f veren kurum ve ki\u015filer aras\u0131nda yak\u0131n ili\u015fkiler kurmak, bilgi ve deneyim al\u0131\u015fveri\u015fini art\u0131rmak amac\u0131yla kurulmu\u015ftur. Derne\u011fimiz \u00fcyeleri uzmanl\u0131k alan\u0131na giren hastal\u0131klar\u0131n tan\u0131 ve tedavi ve \u00f6nlemlerle ilgili bilimsel ara\u015ft\u0131rma , kongre, seminer, panel, sempozyum, toplant\u0131, \u00e7al\u0131\u015fmalar d\u00fczenlemek, bu konuda yay\u0131nlar yapmaktad\u0131r. Derne\u011fimize ait bu web sitesinde uzmanl\u0131k alan\u0131m\u0131zla ilgili faaliyetler, belgeler, y\u00f6netmelik v.b. d\u00fczenlemeler payla\u015f\u0131lacakt\u0131r.<br><br><mark style=\"background-color:rgba(0, 0, 0, 0)\" class=\"has-inline-color has-vivid-cyan-blue-color\">19.Ulusal Sualt\u0131 Hekimli\u011fi ve Hiperbarik T\u0131p Toplant\u0131s\u0131 duyurusu i\u00e7in <a href=\"http:\/\/sualti.org\/wp-content\/uploads\/2026\/04\/19.-SHHTT-4.-DUYURU_AST.pdf\">TIKLAYINIZ<\/a><\/mark><\/p>\n\n\n\n<p style=\"font-size:1px\"><a href=\"http:\/\/www.veah.saglik.gov.tr\">www.veah.saglik.gov.t<\/a><\/p>\n\n\n\n<p><strong><mark style=\"background-color:#000000\" class=\"has-inline-color has-white-color\">DALI\u015eA UYGUNLUK MUAYENELER\u0130 \u0130LE \u0130LG\u0130L\u0130 G\u00d6R\u00dc\u015e B\u0130LD\u0130R\u0130S\u0130<\/mark><\/strong><br><sup><a href=\"http:\/\/sualti.org\/wp-content\/uploads\/2025\/12\/Dalisa_Uygunluk_Raporu_Hk.pdf\" target=\"_blank\" rel=\"noreferrer noopener\">PDF Dok\u00fcman i\u00e7in TIKLAYINIZ<\/a><\/sup><mark style=\"background-color:rgba(0, 0, 0, 0)\" class=\"has-inline-color has-light-green-cyan-color\"><br><\/mark>\u00dclkemizde profesyonel, e\u011fitmen ve rehber dalg\u0131\u00e7lar\u0131n dal\u0131\u015fa uygunlu\u011fu ile ilgili sa\u011fl\u0131k raporlar\u0131n\u0131n d\u00fczenlenmesi, muayeneyi yapacak sa\u011fl\u0131k kurulu\u015fu ya da hekimin inisiyatifine b\u0131rak\u0131lmam\u0131\u015f, Profesyonel Sualt\u0131 Adamlar\u0131 Y\u00f6netmeli\u011fi ve TSSF Donan\u0131ml\u0131 Dal\u0131\u015f Talimat\u0131 ile belirlenmi\u015ftir. Y\u00fcr\u00fcrl\u00fckteki bu mevzuatlar uyar\u0131nca dal\u0131\u015fa uygunluk raporlar\u0131 Sualt\u0131 Hekimli\u011fi ve Hiperbarik T\u0131p uzman\u0131 taraf\u0131ndan tek hekim raporu \u015feklinde verilebilmektedir. Ancak baz\u0131 hastanelerde, kurulu\u015f b\u00fcnyesinde Sualt\u0131 Hekimli\u011fi ve Hiperbarik T\u0131p uzman\u0131 hekim bulunmas\u0131na ra\u011fmen dal\u0131\u015fa uygunluk raporlar\u0131n\u0131n sa\u011fl\u0131k kurulu taraf\u0131ndan tanzim edildi\u011fi g\u00f6zlenmektedir. Mevzuatlara g\u00f6re nas\u0131l ve kim taraf\u0131ndan nas\u0131l d\u00fczenlenece\u011fi a\u00e7\u0131k\u00e7a belirtilmi\u015f bu raporlar i\u00e7in baz\u0131 hastanelerde yap\u0131lan heyet raporu uygulamas\u0131, Sualt\u0131 Hekimli\u011fi ve Hiperbarik T\u0131p uzmanlar\u0131n\u0131n yetkilerine bir m\u00fcdahaledir.<br><br>Bununla birlikte dal\u0131\u015f fizyolojisi ve dal\u0131\u015f t\u0131bb\u0131na a\u015fina olmayan uzman hekimlerin dal\u0131\u015fa uygunluk muayenelerine m\u00fcdahil olmas\u0131, gereksiz tetkiklerin (\u00f6rne\u011fin gereksizken ekokardiyografi) yap\u0131lmas\u0131na, k\u0131sa s\u00fcrede bitirilecek muayenenin uzamas\u0131na, dal\u0131\u015fa uygunluk a\u00e7\u0131s\u0131ndan engel te\u015fkil etmeyecek bulgular\u0131n engel olarak g\u00f6r\u00fclmesine, bu nedenle de dalg\u0131\u00e7 ve dalg\u0131\u00e7 adaylar\u0131n\u0131n ma\u011fduriyet ya\u015famas\u0131na neden olmaktad\u0131r. Dalg\u0131\u00e7 muayenesi yapan sualt\u0131 hekimi gerekli g\u00f6rd\u00fc\u011f\u00fc hallerde zaten ilgili bran\u015flardan g\u00f6r\u00fc\u015f alaca\u011f\u0131 i\u00e7in, heyet raporu uygulamas\u0131 gereksiz zaman kayb\u0131 ve maliyete neden olmaktad\u0131r.<br><br>Hastane idarelerinin dal\u0131\u015fa uygunluk muayeneleri i\u00e7in heyet raporu zorunlulu\u011fu getirmesi uzmanl\u0131k yetkimizi kullanmam\u0131za bir m\u00fcdahale olup, hem dalg\u0131\u00e7 ve dalg\u0131\u00e7 adaylar\u0131 hem sa\u011fl\u0131k kurulu\u015flar\u0131 i\u00e7in gereksiz zaman kayb\u0131 ve ekonomik y\u00fck olu\u015fturmaktad\u0131r. Bu durumun giderilebilmesi i\u00e7in uzmanlar\u0131m\u0131z\u0131n ilgili mevzuatlarla hastane idarelerine ba\u015fvurmalar\u0131 \u00f6nerilmektedir. Gerekli oldu\u011fu takdirde derne\u011fimiz yakla\u015f\u0131m\u0131n\u0131 i\u00e7eren bu belge de hastane y\u00f6netimlerine sunulabilir, derne\u011fimizden g\u00f6r\u00fc\u015f sorulmas\u0131 istenebilir.<br><br>Derne\u011fimiz uzmanlar\u0131m\u0131za, dal\u0131\u015fa uygunluk muayenelerinin bilimsel ve \u00fclke mevzuat\u0131na uygun yap\u0131lmas\u0131 i\u00e7in a\u015fa\u011f\u0131daki hususlar\u0131n dikkate al\u0131nmas\u0131n\u0131 \u00f6nemle tavsiye etmektedir.<br><br>\u2022 Profesyonel dalg\u0131\u00e7 ya da rekreasyonel dal\u0131\u015f e\u011fitmenlerinin dal\u0131\u015fa uygunluk muayenelerinin, mevzuat gere\u011fi sa\u011fl\u0131k kurulundan al\u0131nma zorunlulu\u011fu bulunmamaktad\u0131r.<br>\u2022 Sualt\u0131 Hekimli\u011fi ve Hiperbarik T\u0131p uzmanlar\u0131, ilgili mevzuata uygun olarak tek hekim imzas\u0131 ile dal\u0131\u015fa uygunluk raporu d\u00fczenlemeye yetkilidir, heyet raporu gerekli de\u011fildir.<br>\u2022 Dal\u0131\u015fa uygunluk muayenelerinde hak edilmemi\u015f dekompresyon hastal\u0131\u011f\u0131 \u00f6yk\u00fcs\u00fc veya sa\u011f-sol \u015fant\u0131 d\u00fc\u015f\u00fcnd\u00fcrecek ba\u015fka bir neden yok ise ekokardiyografi (EKO) tetkiki gerekli de\u011fildir.<br>\u2022 Akci\u011fer tomografisi, klinik a\u00e7\u0131dan zorunlu olmad\u0131k\u00e7a rutin de\u011ferlendirme amac\u0131yla talep edilmemelidir.<br>\u2022 Sualt\u0131 Hekimli\u011fi ve Hiperbarik T\u0131p uzmanlar\u0131n\u0131n sadece gerekli g\u00f6rd\u00fc\u011f\u00fc durumlarda di\u011fer uzmanl\u0131k alanlar\u0131ndan kons\u00fcltasyon istenmesi uygun olacakt\u0131r.<br>\u2022 Hastane idarelerinin dal\u0131\u015fa uygunluk muayeneleri i\u00e7in heyet raporu zorunlulu\u011fu getirmesi, uzmanl\u0131\u011f\u0131m\u0131zla ald\u0131\u011f\u0131m\u0131z yetkiye bir m\u00fcdahale niteli\u011finde olup, meslekta\u015flar\u0131m\u0131z\u0131n ilgili mevzuatla hastane idarelerine durumun d\u00fczeltilmesi i\u00e7in m\u00fcracaat\u0131 uygun olacakt\u0131r.<br>\u2022 Yukar\u0131daki ko\u015fullar \u00f6zel mevzuat\u0131 olmayan dalg\u0131\u00e7 deniz polisi, itfaiye dalg\u0131\u00e7lar\u0131 gibi profesyonel dal\u0131\u015f yapan meslek gruplar\u0131 i\u00e7in de ge\u00e7erli olmal\u0131d\u0131r.<br><br>Derne\u011fimiz \u00fcyelerinin s\u00f6z konusu \u00f6nerileri dikkate almas\u0131n\u0131 umut eder iyi \u00e7al\u0131\u015fmalar dileriz.<br><br><strong>SHTD Y\u00f6netim Kurulu<\/strong><\/p>\n\n\n\n<p><\/p>\n","protected":false},"excerpt":{"rendered":"<p>SUALTI ve H\u0130PERBAR\u0130K TIP DERNE\u011e\u0130 Uzmanl\u0131k Derne\u011fi Derne\u011fimiz \u201cT\u0131pta Uzmanl\u0131k Derne\u011fi\u201d olup Sualt\u0131 ve Hiperbarik T\u0131p alan\u0131ndaki geli\u015fmelere katk\u0131da bulunmak, bu alanda u\u011fra\u015f veren kurum&#8230;<\/p>\n<div class=\"more-link-wrapper\"><a class=\"more-link\" href=\"https:\/\/sualti.org\/\">Devam\u0131n\u0131 okuyun<span class=\"screen-reader-text\">G\u0130R\u0130\u015e<\/span><\/a><\/div>\n","protected":false},"author":1,"featured_media":0,"parent":0,"menu_order":0,"comment_status":"closed","ping_status":"closed","template":"","meta":{"footnotes":""},"class_list":["post-310","page","type-page","status-publish","hentry","entry"],"_links":{"self":[{"href":"https:\/\/sualti.org\/index.php?rest_route=\/wp\/v2\/pages\/310","targetHints":{"allow":["GET"]}}],"collection":[{"href":"https:\/\/sualti.org\/index.php?rest_route=\/wp\/v2\/pages"}],"about":[{"href":"https:\/\/sualti.org\/index.php?rest_route=\/wp\/v2\/types\/page"}],"author":[{"embeddable":true,"href":"https:\/\/sualti.org\/index.php?rest_route=\/wp\/v2\/users\/1"}],"replies":[{"embeddable":true,"href":"https:\/\/sualti.org\/index.php?rest_route=%2Fwp%2Fv2%2Fcomments&post=310"}],"version-history":[{"count":22,"href":"https:\/\/sualti.org\/index.php?rest_route=\/wp\/v2\/pages\/310\/revisions"}],"predecessor-version":[{"id":804,"href":"https:\/\/sualti.org\/index.php?rest_route=\/wp\/v2\/pages\/310\/revisions\/804"}],"wp:attachment":[{"href":"https:\/\/sualti.org\/index.php?rest_route=%2Fwp%2Fv2%2Fmedia&parent=310"}],"curies":[{"name":"wp","href":"https:\/\/api.w.org\/{rel}","templated":true}]}}