{"id":17,"date":"2016-01-04T12:35:10","date_gmt":"2016-01-04T10:35:10","guid":{"rendered":"http:\/\/sualti.org\/?page_id=17"},"modified":"2019-12-19T07:23:31","modified_gmt":"2019-12-19T05:23:31","slug":"mevzuat","status":"publish","type":"page","link":"https:\/\/sualti.org\/?page_id=17","title":{"rendered":"MEVZUAT"},"content":{"rendered":"<p>Dernek t\u00fcz\u00fc\u011f\u00fc i\u00e7in <a href=\"http:\/\/sualti.org\/wp-content\/uploads\/2016\/02\/dernektuzugu.pdf\">TIKLAYINIZ<\/a><\/p>\n<p>Profesyonel Sualt\u0131 Adamlar\u0131 Y\u00f6netmeli\u011fi i\u00e7in <a href=\"https:\/\/www.resmigazete.gov.tr\/eskiler\/2008\/02\/20080215-6.htm\" target=\"_blank\" rel=\"noopener noreferrer\">TIKLAYINIZ<\/a><\/p>\n<p>Hiperbarik Oksijen Tedavisi Uygulanan \u00d6zel Sa\u011flik Kurulu\u015flar\u0131 Hakk\u0131nda Y\u00f6netmelik<\/p>\n<p>i\u00e7in <a href=\"https:\/\/www.resmigazete.gov.tr\/eskiler\/2001\/08\/20010801.htm#12\" target=\"_blank\" rel=\"noopener noreferrer\">TIKLAYINIZ<\/a><\/p>\n","protected":false},"excerpt":{"rendered":"<p>Dernek t\u00fcz\u00fc\u011f\u00fc i\u00e7in TIKLAYINIZ Profesyonel Sualt\u0131 Adamlar\u0131 Y\u00f6netmeli\u011fi i\u00e7in TIKLAYINIZ Hiperbarik Oksijen Tedavisi Uygulanan \u00d6zel Sa\u011flik Kurulu\u015flar\u0131 Hakk\u0131nda Y\u00f6netmelik i\u00e7in TIKLAYINIZ<\/p>\n","protected":false},"author":1,"featured_media":0,"parent":0,"menu_order":0,"comment_status":"closed","ping_status":"closed","template":"","meta":{"footnotes":""},"class_list":["post-17","page","type-page","status-publish","hentry","entry"],"_links":{"self":[{"href":"https:\/\/sualti.org\/index.php?rest_route=\/wp\/v2\/pages\/17","targetHints":{"allow":["GET"]}}],"collection":[{"href":"https:\/\/sualti.org\/index.php?rest_route=\/wp\/v2\/pages"}],"about":[{"href":"https:\/\/sualti.org\/index.php?rest_route=\/wp\/v2\/types\/page"}],"author":[{"embeddable":true,"href":"https:\/\/sualti.org\/index.php?rest_route=\/wp\/v2\/users\/1"}],"replies":[{"embeddable":true,"href":"https:\/\/sualti.org\/index.php?rest_route=%2Fwp%2Fv2%2Fcomments&post=17"}],"version-history":[{"count":4,"href":"https:\/\/sualti.org\/index.php?rest_route=\/wp\/v2\/pages\/17\/revisions"}],"predecessor-version":[{"id":306,"href":"https:\/\/sualti.org\/index.php?rest_route=\/wp\/v2\/pages\/17\/revisions\/306"}],"wp:attachment":[{"href":"https:\/\/sualti.org\/index.php?rest_route=%2Fwp%2Fv2%2Fmedia&parent=17"}],"curies":[{"name":"wp","href":"https:\/\/api.w.org\/{rel}","templated":true}]}}