{"id":11,"date":"2016-01-04T12:34:01","date_gmt":"2016-01-04T10:34:01","guid":{"rendered":"http:\/\/sualti.org\/?page_id=11"},"modified":"2025-11-10T09:04:21","modified_gmt":"2025-11-10T07:04:21","slug":"uzmanlar","status":"publish","type":"page","link":"http:\/\/sualti.org\/?page_id=11","title":{"rendered":"UZMANLAR"},"content":{"rendered":"\n<p><strong>ADANA<\/strong><\/p>\n\n\n\n<p><strong>Adana \u015eehir E\u011fitim ve Ara\u015ft\u0131rma Hastanesi<\/strong><br>Dr. Mithat \u00d6zsan Bulvar\u0131 K\u0131\u015fla Mah. 4522 Sok. No:28 Y\u00fcre\u011fir\/ADANA<br>Uzm. Dr. Muhammed Y\u0131ld\u0131r\u0131m<br>Tel: (0322) 455 90 00<br>http:\/\/adanasehir.saglik.gov.tr<\/p>\n\n\n\n<p><strong>\u00d6zel Adana Hiperbarik Oksijen Tedavi Merkezi<\/strong><br>Belediye Evleri Mh. Turgut \u00d6zal Bulvar\u0131 84282 Sk. No:11 \u00c7ukurova \/ Adana<br>Uzm. Dr. \u00d6zlem Akkoca<br>Tel : (0322) 248 85 30<br>www.adanahiperbarik.com<\/p>\n\n\n\n<p><strong>ANKARA<\/strong><\/p>\n\n\n\n<p><strong>G\u00fclhane E\u011fitim ve Ara\u015ft\u0131rma Hastanesi, Sualt\u0131 Hekimli\u011fi ve Hiperbarik T\u0131p Anabilim Dal\u0131<\/strong><br>General Dr.Tevfik Sa\u011flam Cd. No:1 Etlik \/ AnkaraDo\u00e7. Dr. M\u00fcnire K\u00fcbra \u00d6zg\u00f6k Kangal<br>Dr. \u00d6\u011fr. \u00dcyesi Taylan Zaman<br>Uzm. Dr. G\u00f6zde B\u00fc\u015fra Sar\u0131yerli Dursun<br>Uzm. Dr. K\u00fcbra Canarslan Demir<br>Uzm. Dr. Burak Turgut (Hava ve Uzay Hekimli\u011fi)<br>Uzm. Dr. Ahmet U\u011fur Avc\u0131 (Hava ve Uzay Hekimi)<br>Uzm. Dr. Gamze Ayd\u0131n (Hava ve Uzay Hekimli\u011fi)<br>Tel : (0312) 304 47 93<br>www.gulhaneeah.saglik.gov.tr<\/p>\n\n\n\n<p><strong>Ankara Etlik \u015eehir Hastanesi<\/strong><br>Varl\u0131k Mahallesi, Halil Sezai Erkut Caddesi Yenimahalle \/ Ankara<br>Uzm. Dr. Osman T\u00fcrkmen<br>Uzm. Dr. Sel\u00e7uk Tatar<br>Uzm. Dr. Ecem Dak Dedekarg\u0131no\u011flu (Hava ve Uzay Hekimi)\u2028<br>Tel : (0312) 508 40 00<br>www.anh.gov.tr<\/p>\n\n\n\n<p><strong>Ankara E\u011fitim ve Ara\u015ft\u0131rma Hastanesi, Sualt\u0131 Hekimli\u011fi ve Hiperbarik T\u0131p(Bas\u0131n\u00e7 Odas\u0131 Mevcut De\u011fil<\/strong>)<br>Hacettepe Mh. Ulucanlar Cd. No:89 Alt\u0131nda\u011f \/ ANKARA<br>Uzm. Dr. Sinemcan \u00c7etinkaya Dulay<br>Tel:(0312) 595 30 00<\/p>\n\n\n\n<p><a href=\"https:\/\/ankaraeah.saglik.gov.tr\">https:\/\/ankaraeah.saglik.gov.tr<\/a><\/p>\n\n\n\n<p><strong>\u00d6zel Fora Hiperbarik Oksijen Tedavi Merkezi<\/strong><br>Ziyabey Cd. 1413.sokak. 4B\/5 Balgat \/ Ankara<br>Uzm. Dr. Esra Akg\u00fcl<br>Tel : (0312) 285 58 75<br>www.ankarahiperbarik.com.tr<\/p>\n\n\n\n<p><strong>\u00d6zel Asal Hiperbarik Oksijen Tedavi Merkezi<\/strong><br>Yunus Emre Mah \u015ei\u015fli Sok No:13\/10 Yenimahalle Ankara<br>Uzm. Dr. Salih Kaan Emek<br>Tel : (0312) 231 35 57<br>http:\/\/www.hiperbarikankara.com<\/p>\n\n\n\n<p><strong>ANTALYA<\/strong><\/p>\n\n\n\n<p><strong>Sa\u011fl\u0131k Bilimleri \u00dcniversitesi Antalya E\u011fitim ve Ara\u015ft\u0131rma Hastanesi<\/strong><br>Varl\u0131k Mahallesi Kaz\u0131m Karabekir Caddesi So\u011fuksu<br>Uzm. Dr. Furkan Y\u0131ld\u0131r\u0131m<br>Uzm. Dr. Kemal Kutay K\u00dcLAHCI<br>Tel : (0242) 249 44 00<br>www.antalyaeah.saglik.gov.tr<\/p>\n\n\n\n<p><strong>\u00d6zel Hiperox Hiperbarik Oksijen Tedavi Merkezi<\/strong><br>Demircikara Mh. Avni Tolunay Cd. No:46 Antalya<br>Uzm. Dr H\u00fcseyin Karakaya<br>Tel : (0242) 322 00 99<br>www.hiperox.com<\/p>\n\n\n\n<p><strong>BALIKES\u0130R<\/strong><\/p>\n\n\n\n<p><strong>Bal\u0131kesir Atat\u00fcrk \u015eehir Hastanesi Hiperbarik Oksijen Tedavi Merkezi<\/strong><br>Gaziosmanpa\u015fa Mahallesi, 209. Sok. No:26 ,10100 Alt\u0131eyl\u00fcl\/Bal\u0131kesir<br>Uzm. Dr. Nihal G\u00fcne\u015f<br>Tel: (0266) 460 40 00<br>https:\/\/balikesirataturksehir.saglik.gov.tr<\/p>\n\n\n\n<p><strong>BOLU<\/strong><\/p>\n\n\n\n<p><strong>Bolu A\u0130B\u00dc \u0130zzet Baysal E\u011fitim ve Ara\u015ft\u0131rma Hastanesi (Bas\u0131n\u00e7 odas\u0131 mevcut de\u011fil)<\/strong><br>Uzm. Dr. Tubanur Balta Sari<br>G\u00f6lk\u00f6y 14280 BOLU<br>Uzm. Dr. Gamze Yerci\u2028<br>Tel: (0374) 253 46 26<a href=\"https:\/\/izzetbaysaleah.saglik.gov.tr\/\"><br>https:\/\/izzetbaysaleah.saglik.gov.tr\/<\/a><\/p>\n\n\n\n<p><strong>BURSA<\/strong><\/p>\n\n\n\n<p><strong>Sa\u011fl\u0131k Bilimleri \u00dcniversitesi Bursa \u015eehir Hastanesi (Bas\u0131n\u00e7 odas\u0131 mevcut de\u011fil)<\/strong><br>Bademli, 8. Sk. 28\/1, 16960 Mudanya\/Bursa<br>Uzm. Dr. Gamze Yerci\u2028<br>Tel: (0224)975 00 00<br>https:\/\/bursasehir.saglik.gov.tr<\/p>\n\n\n\n<p><strong>Bursa Y\u00fcksek \u0130htisas E\u011fitim ve Ara\u015ft\u0131rma Hastanesi Sualt\u0131 Hekimli\u011fi ve Hiperbarik T\u0131p Ana Bilim Dal\u0131<\/strong><br>152 Evler, Prof. Tezok Cd. No:2, 16320 Y\u0131ld\u0131r\u0131m\/Bursa<br>Uzm. Dr. Bekir Selim Ba\u011fl\u0131<br>Uzm. Dr. Salih A\u011fa\u00e7kesen (Hava ve Uzay Hekimi)<br>Tel : (0224) 360 50 50<br>www.bursa.yuksekihtisaseah.saglik.gov.tr<\/p>\n\n\n\n<p><strong>\u00d6zel Neoks Hiperbarik Oksijen Tedavi Merkezi<\/strong><br>Z\u00fcbeyde Han\u0131m Cad. \u0130nce Sk. No:7 Bursa<br>Uzm. Dr. Ahmet \u015een (Hava ve Uzay Hekimi)<br>Uzm. Dr. Tolga \u00c7akmak (Hava ve Uzay Hekimi)<br>Tel : (0224) 233 05 00, (0544) 269 78 67<br>www.neoks.com<\/p>\n\n\n\n<p><strong>\u00c7ANAKKALE<\/strong><\/p>\n\n\n\n<p><strong>\u00c7anakkale On sekiz Mart \u00dcniversitesi Sa\u011fl\u0131k Uygulama ve Ara\u015ft\u0131rma Hastanesi <\/strong><br>Barbaros Mah. Prof. Dr. Sevim Bulu\u00e7 sok. No:50 17020 Merkez\/ \u00c7anakkale<br>Do\u00e7. Dr. \u015eefika K\u00f6rp\u0131nar<br>Tel : (0286) 263 59 50<br>https:\/\/hastane.comu.edu.tr<\/p>\n\n\n\n<p><strong>DEN\u0130ZL\u0130<\/strong><\/p>\n\n\n\n<p><strong>Denizli \u00d6zel Sa\u011fl\u0131k Hastanesi<\/strong><br>Bah\u00e7elievler Mah. 3007 Sk. No:23 Denizli<br>Uzm. Dr. Handan \u00d6zt\u00fcrk<br>Tel : (0258) 264 44 11<br>www.saglikhastanesi.com.tr<\/p>\n\n\n\n<p><strong>D\u0130YARBAKIR<\/strong><\/p>\n\n\n\n<p><strong>Diyarbak\u0131r Gazi Ya\u015fargil E\u011fitim Ara\u015ft\u0131rma Hastanesi<\/strong><br>Elaz\u0131\u011f Yolu 10. Km \u00dc\u00e7kuyular Mevkii 21070 Kayap\u0131nar\/Diyarbak\u0131r<br>Uzm. Dr. Selim Engin Egeren<br>Uzm. Dr. Ramazan O\u011fuz Eruzun (Hava ve Uzay Hekimi)<br>Tel<strong>:\u00a0<\/strong>(0412) 258 00 60<br><a href=\"https:\/\/diyarbakireah.saglik.gov.tr\">https:\/\/diyarbakireah.saglik.gov.tr<\/a><\/p>\n\n\n\n<p><strong>Diyarbak\u0131r \u00d6zel Medoks Hiperbarik Oksijen Tedavi Merkezi<\/strong><br>Mevlana Halit Mah. Turgut \u00d6zal Bulvar\u0131 Umut 2 konutlar\u0131 C blok No 123 Diyarbak\u0131r<br>Uz. Dr. Mustafa Alan (Hava ve Uzay Hekimi)<br>Tel : (0412) 251 71 50<\/p>\n\n\n\n<p><strong>ERZURUM<\/strong><\/p>\n\n\n\n<p><strong>Atat\u00fcrk \u00dcniversitesi Ara\u015ft\u0131rma Hastanesi<\/strong><br>\u00dcniversite Mah. Atat\u00fcrk \u00dcniversitesi Ara\u015ft\u0131rma Hastanesi, 25240 Yakutiye\/Erzurum<br>Uzm. Dr. Recep \u00d6ZKAN<br>Tel : 0 (442) 344 66 66<br><a href=\"https:\/\/hastane.atauni.edu.tr\">https:\/\/hastane.atauni.edu.tr<\/a><\/p>\n\n\n\n<p><strong>ESK\u0130\u015eEH\u0130R<\/strong><\/p>\n\n\n\n<p><strong>Yunus Emre Devlet Hastanesi 2 Eyl\u00fcl Hizmet Binas\u0131<\/strong><br>K\u0131rm\u0131z\u0131 Toprak Mah. Mustafa Kemal Atat\u00fcrk Cad. No:56<br>Uzm. Dr. Selahattin \u00c7ak\u0131ro\u011flu<br>Uzm. Dr. \u00c7a\u011fr\u0131 Can MAKAR<br>Uzm. Dr. Eda SABANER (Hava ve Uzay Hekimi)<br>Tel : (0222) 220 45 30<br><a href=\"https:\/\/yunusemredh.saglik.gov.tr\">https:\/\/yunusemredh.saglik.gov.tr<\/a><\/p>\n\n\n\n<p><strong>GAZ\u0130ANTEP<\/strong><\/p>\n\n\n\n<p><strong>Gaziantep \u015eehir Hastanesi<\/strong><br>H\u00fcrriyet Cad. \u015eahinbey \/ GAZ\u0130ANTEP<br>\u0130bn-i Sina Mahallesi, 27470 \u015eahinbey \/&nbsp;Gaziantep<br>Uzm. Dr. \u0130brahim Ethem AKIN<br>Uzm. Dr. Halil \u0130brahim I\u015f\u0131kl\u0131 ( Hava ve Uzay Hekimli\u011fi)<br>Tel : (0342) 221 07 00<br><a href=\"https:\/\/gaziantepsehir.saglik.gov.tr\/\">https:\/\/gaziantepsehir.saglik.gov.tr<\/a><\/p>\n\n\n\n<p><strong>\u00d6zel Oxigap Gaziantep Hiperbarik Oksijen Tedavi Merkezi<\/strong><br>Budak, Ali Fuat Cebesoy Bulvar\u0131 No:38 27090 \u015eehitkamil\/ GAZ\u0130ANTEP<br>Uzm. Dr. Mehmet Emin Ak\u00e7in<br>Tel : (0531) 258 76 29<br>www.oxigap.com<\/p>\n\n\n\n<p><strong>HATAY<\/strong><\/p>\n\n\n\n<p><strong>\u0130skenderun Devlet Hastanesi,\u00a0Hiperbarik Oksijen Tedavi Merkezi<br><\/strong>Numune Mah.566 sok. Sonu \u0130skenderun \/HATAY<br>Uzm. Dr. Seray Tezcan Umul (Hava ve Uzay Hekimli\u011fi)<br>Tel : (0326) 618 24 24<br>www.iskenderundh.saglik.gov.tr<\/p>\n\n\n\n<p><strong>\u0130STANBUL<\/strong><\/p>\n\n\n\n<p><strong>\u0130.\u00dc. \u0130stanbul T\u0131p Fak\u00fcltesi, Sualt\u0131 Hekimli\u011fi ve Hiperbarik T\u0131p Anabilim Dal\u0131<\/strong><br>Millet Caddesi, 34093, \u00c7apa, Fatih, \u0130stanbul<br>Prof. Dr. Ak\u0131n Sava\u015f Toklu<br>Prof. Dr. Salih Ayd\u0131n<br>Prof. Dr. \u015eamil Akta\u015f<br>Do\u00e7. Dr. Beng\u00fcsu Miraso\u011flu<br>Tel : (0212) 414 22 34<br>www.itf.istanbul.edu.tr\/sualtihekimligi<\/p>\n\n\n\n<p><strong>\u0130stanbul Sa\u011fl\u0131k Bilimleri \u00dcniversitesi Haydarpa\u015fa Sultan Abd\u00fclhamit E\u011fitim ve Ara\u015ft\u0131rma Hastanesi, <\/strong>Sualt\u0131 Hekimli\u011fi ve Hiperbarik T\u0131p AD Selimiye, \u00dcsk\u00fcdar, &nbsp;\u0130stanbul<br>Dr. \u00d6\u011fr. \u00dcyesi Yavuz Aslan<br>Uzm. Dr. Zehra Yaz\u0131c\u0131 Mutlu<br>Uzm. Dr. Fulya Toka<br>Tel : (0216) 542 20 20<br><a href=\"https:\/\/sultanabdulhamidhaneah.saglik.gov.tr\">https:\/\/sultanabdulhamidhaneah.saglik.gov.tr<\/a><\/p>\n\n\n\n<p><strong>Sa\u011fl\u0131k Bilimleri \u00dcniversitesi, Dr L\u00fctfi K\u0131rdar \u015eehir Hastanesi<\/strong><br>D-100 G\u00fcney Yanyol No:47 Cevizli Mevkii\u00a034865 Kartal \/ \u0130STANBUL<br>Do\u00e7. Dr. Selin Gamze S\u00fcmen<br>Uzm. Dr. Hande \u00c7etin<br>Tel : 0 (216) 458 30 00 &#8211; (0216) 441 39 00<\/p>\n\n\n\n<p><strong>Ba\u011fc\u0131lar Devlet Hastanesi<\/strong><br>Merkez Mahallesi Dr. Sad\u0131k Ahmet Caddesi Ba\u011fc\u0131lar<br>Uzm. Dr. Banu Ceylan<br>Uzm. Dr. Kemal Cenk G\u00dcLG\u00dcN<br>Uzm. Dr. F\u00fcsun Kocaman<br>Tel: (0212) 440 40 00<br><a href=\"http:\/\/www.beh.gov.tr\">www.beh.gov.tr<\/a><\/p>\n\n\n\n<p><strong>Ba\u015fak\u015fehir \u00c7am ve Sakura \u015eehir Hastanesi Sualt\u0131 Hekimli\u011fi ve Hiperbarik Oksijen Tedavi Merkezi<\/strong><br>Ba\u015fak\u015fehir Mahallesi G-434 Caddesi No: 2L Ba\u015fak\u015fehir \/ \u0130STANBUL<br>Do\u00e7. Dr. Ali Erdal G\u00dcNE\u015e<br>Uzm. Dr. Gamze \u00c7ebi<br>Uzm. Dr. Seren K\u0131rm\u0131z\u0131 \u00d6zg\u00fcl<br>Uzm. Dr. Hilal Aky\u00fcz<br>Uzm. Dr. Ezgi Akp\u0131nar \u015eahin<br>Uzm. Dr. Kamil Sezer Ba\u015fdemir (Hava ve Uzay Hekimli\u011fi)<br>Tel: (0212) 224 49 50<br>www.camsakurasehir.saglik.gov.tr<\/p>\n\n\n\n<p><strong>\u00d6zel OKS\u0130MER Hiperbarik Oksijen Tedavi Merkezi<\/strong><br>Tatl\u0131p\u0131nar Cd. No:11\/A-B \u015eehremini, Fatih\/\u0130stanbul<br>Uzm. Dr. Tuna G\u00fcm\u00fc\u015f<br>Tel: 0212 632 71 71\/ 0212 635 82 55<br>www.oksimer.com.tr<\/p>\n\n\n\n<p><strong>\u00d6zel Oksimer Hiperbarik Oksijen Tedavi Merkezi (Avc\u0131lar)<\/strong><br>Mustafa Kemal Pa\u015fa Mah. Karata\u015f Sok. No:39 Avc\u0131lar \/ \u0130stanbul<br>Uzm. Dr. Hayriye Adal\u0131<br>Tel: (0212) 428 57 57<br>www.oksimer.com.tr<\/p>\n\n\n\n<p><strong>\u00d6zel Hipermer Hiperbarik Oksijen Tedavi Merkezi (Bah\u00e7elievler)<\/strong><br>\u0130zzetin \u00c7al\u0131\u015flar. Cad. Hami Botasun Sk. No:42\/2 Bah\u00e7elievler \/ \u0130stanbul<br>Uzm. Dr. \u00d6zg\u00fcr Mutlu<br>Tel: (0212) 644 90 99<br>www.hipermer.com.tr<\/p>\n\n\n\n<p><strong>\u00d6zel \u0130stanbul Hiperbarik Oksijen Tedavi Merkezi<\/strong><br>Talatpa\u015fa Mah. Aydo\u011fan Cad. No: 2 Okmeydan\u0131 \/ \u0130stanbul<br>Uzm. Dr. Ahmet H\u00f6bek<br>Tel: (0212) 222 26 67 \u2013 222 20 94<br>www.istanbulhiperbarik.com<\/p>\n\n\n\n<p><strong>\u00d6zel Oksipol Hiperbarik Oksijen Tedavi Merkezi<\/strong><br>Sahray\u0131 Cedid Mh. Derya Sk. No:11\/ A Kad\u0131k\u00f6y \/ \u0130stanbul<br>Do\u00e7. Dr. Emin Elb\u00fcken<br>Tel : (0216) 360 1 360 \u2013 (0216) 360 60 64<br><a href=\"http:\/\/www.oksipol.com\">www.oksipol.com<\/a><\/p>\n\n\n\n<p><strong>\u00d6zel Anadolu Hiperbarik Oksijen Tedavi Merkezi<\/strong><br>Cevizli Mahallesi, Ba\u011fdat Caddesi 613\/1 Maltepe \/ \u0130stanbul<br>Prof. Dr. Hakan Ay<br>Tel : (0216) 383 12 98<br>www.anadoluhiperbarik.com<\/p>\n\n\n\n<p><strong>\u00d6zel Aymed Hiperbarik Oksijen Tedavi Merkezi<\/strong><br>\u015eair Ar\u015fi Cd. Say\u0131n Sk. \u0130smail Bey Apt. No:4\/2 Kad\u0131k\u00f6y \/ \u0130stanbul<br>Uzm. Dr. Ay\u00e7a Kurt<br>Tel : (0216) 363 63 03<br>www.aymedhbo.com<\/p>\n\n\n\n<p><strong>\u00d6zel Hisar Hastanesi Hiperbarik Oksijen Tedavi Merkezi<\/strong><br>Alemda\u011f Cad. Site Yolu No:7 \u00dcmraniye \/ \u0130stanbul<br>Uzm. Dr. Emine \u00d6m\u00fcr<br>Tel : (0216) 524 13 00- 444 5 888<br>www.hisarhospital.com<\/p>\n\n\n\n<p><strong>Ko\u00e7 \u00dcniversitesi Hastane Hiperbarik Oksijen Tedavi Merkezi<\/strong><br>Topkap\u0131, Ko\u00e7 \u00dcniversitesi Hastanesi, Davutpa\u015fa Cd. No:4, 34010 Zeytinburnu\/\u0130stanbul<br>Uzm. Dr. Asl\u0131can \u00c7akkalkurt<br>Tel: 0850 250 82 50\/23460<br>https:\/\/medicine.ku.edu.tr<\/p>\n\n\n\n<p><strong>Ba\u011fc\u0131lar Medipol Mega \u00dcniversite Hastanesi<\/strong><strong><br><\/strong>TEM Avrupa Otoyolu G\u00f6ztepe \u00c7\u0131k\u0131\u015f\u0131 No:1 Ba\u011fc\u0131lar\/\u0130stanbul<br>Tel: 4447044<br>Dr. \u00d6\u011fr. \u00dcyesi \u00d6zdin\u00e7 Acarl\u0131<br>https:\/\/medipol.com.tr\/<\/p>\n\n\n\n<p><strong>\u0130ZM\u0130R<\/strong><\/p>\n\n\n\n<p><strong>\u0130zmir \u015eehir Hastanesi<\/strong><br>\u015eevket \u0130nce Mah. 2148\/11 Sk. No:1\/11 Bayrakl\u0131\/\u0130zmir<br>Tel: 0232 9550500<br>Do\u00e7. Dr. Figen Ayd\u0131n<br>Uzm. Dr. Cesur \u00dcST\u00dcNEL<br>Uz. Dr. Fadime Gizem TOPCU (Hava ve Uzay Hekimi)<br><a href=\"https:\/\/izmirsehir.saglik.gov.tr\">https:\/\/izmirsehir.saglik.gov.tr<\/a><\/p>\n\n\n\n<p><strong>Bozyaka E\u011fitim ve Ara\u015ft\u0131rma Hastanesi<\/strong><br>Saim \u00c7\u0131kr\u0131k\u00e7\u0131 Cad No:59 Bozyaka\/\u0130zmir<br>Uzm. Dr. Eylem KOCA<br>Uzm. Dr. Evin KO\u00c7<br>Tel: 0232 250 50 50 &#8211; 3001<br>izmirbozyakaegitimh@saglik.gov.tr<\/p>\n\n\n\n<p><strong>\u00d6zel Neoks Hiperbarik Oksijen Tedavi Merkezi<\/strong><br>1587\/1 sokak no:1D \u00c7\u0131narl\u0131 \/\u0130zmir<br>Prof. Dr. Ahmet AKIN (Hava ve Uzay Hekimi)<br>Tel: 0232 374 72 22<br>www.neoks.com<\/p>\n\n\n\n<p><strong>\u00d6zel Can Hiperbarik Oksijen Tedavi Merkezi<\/strong><br>Menderes mah. 108 sk. No:16 Buca\/\u0130zmir<br>Uzm Dr Sevi Tekin<br>Tel: 0232 440 9010<br>www.canhiperbarik.com.tr<\/p>\n\n\n\n<p><strong>KAYSER\u0130<\/strong><\/p>\n\n\n\n<p><strong>Kayseri \u015eehir Hastanesi&nbsp;<\/strong><br>Uzm. Dr. Levent Demir<br>Uzm. Dr. Sava\u015f \u0130lbasm\u0131\u015f (Hava ve Uzay Hekimi)<br>Tel: 0352 315 77 00<br><a href=\"https:\/\/kayserisehir.saglik.gov.tr\/\">https:\/\/kayserisehir.saglik.gov.tr\/<\/a><\/p>\n\n\n\n<p><strong>Oksibar Hiperbarik Oksijen Tedavi Merkezi<\/strong><br>Uzm. Dr. Adem \u00d6zdemir<br>Tel: 03522203003<br>Gevhernesibe, Atat\u00fcrk Blv. No:84<br>Kocasinan\/Kayseri<\/p>\n\n\n\n<p><strong>KOCAEL\u0130<\/strong><\/p>\n\n\n\n<p><strong>Kocaeli \u015eehir Hastanesi<\/strong><br>Uzm. Dr. U\u011furcan AKYOL<br>Uzm. Dr. Cansu AKKU\u015e<br>Tav\u015fantepe Mh. Akif Sk. No: 72 \u0130zmit\/ Kocaeli<br>Tel: 0262 225 27 00<br><a href=\"https:\/\/kocaelisehir.saglik.gov.tr\">https:\/\/kocaelisehir.saglik.gov.tr<\/a><\/p>\n\n\n\n<p><strong>\u00d6zel Oksimed Hiperbarik Oksijen Tedavi Merkezi<\/strong><br>Yeni\u015fehir Mh. Adnan Menderes Bulvar\u0131 No:6 Kocaeli<br>Uzm. Dr. Sava\u015f \u0130lgezdi<br>Tel: 0262 311 11 00<br>www.oksimed.com.tr<\/p>\n\n\n\n<p><strong>Gebze Hiperbarik oksijen Tedavi Merkezi<\/strong><br>Osmany\u0131lmaz Mah. 632\/1 sok. No:10 Gebze Kocaeli<br>Uzm. Dr. Ali Memi\u015f<br>Tel: 0262 666 00 32<br>www.gebzehiperbarik.com<\/p>\n\n\n\n<p><strong>K\u00dcTAHYA<\/strong><\/p>\n\n\n\n<p><strong>K\u00fctahya \u015eehir Hastanesi<br><\/strong>Uzm. Dr. Ay\u015fe Sena Yumbul Karda\u015f<br>Evliya \u00c7elebi, Eken Pa\u015fa cd, No:19 43100, Merkez\/K\u00fctahya<br>Tel: 0274 229 14 00<br><a href=\"https:\/\/kutahyasehir.saglik.gov.tr\">asehir.saglik.gov.tr<\/a><\/p>\n\n\n\n<p><strong>KONYA<\/strong><\/p>\n\n\n\n<p><strong>Konya \u015eehir Hastanesi<\/strong><br>Akabe Mah. Adana \u00c7evre Yolu Cad. No:135 42020 Karatay \/ KONYA<br>Do\u00e7. Dr. Abdullah Arslan<br>Uzm. Dr. Yonca G\u00fcl Ayd\u0131n (Hava ve Uzay Hekimi)<br>Uzm. Dr. Mert Kartal<br>Tel: 0 332 310 50 00<br><a href=\"https:\/\/konyasehir.saglik.gov.tr\/\">https:\/\/konyasehir.saglik.gov.tr\/<\/a><\/p>\n\n\n\n<p><strong>MALATYA<\/strong><\/p>\n\n\n\n<p><strong>Malatya E\u011fitim Ara\u015ft\u0131rma Hastanesi Hiperbarik Oksijen Tedavi Merkezi<\/strong><br>\u00d6zalper Mh, Turgut \u00d6zal Bulvar\u0131 No:4, 44330 Ye\u015filyurt\/Malatya<br>Uzm. Dr. Merve Dursun (Hava ve Uzay Hekimi)\u2028<br>Tel: 444 56 34<br>https:\/\/malatyaeah.saglik.gov.tr<\/p>\n\n\n\n<p><strong>MAN\u0130SA<\/strong><\/p>\n\n\n\n<p><strong>\u00d6zel Spiloks Hiperbarik Oksijen Tedavi Merkezi<\/strong><br>2. Anafartalar Akhisar caddesi, 67\/A 45020 Manisa<br>Uzm. Dr. Ertu\u011frul Kerimo\u011flu<br>Tel: 0236 250 30 30<br>www.spilokshiperbarik.com.tr<\/p>\n\n\n\n<p><strong>MERS\u0130N<\/strong><\/p>\n\n\n\n<p><strong>Mersin \u015eehir E\u011fitim Ara\u015ft\u0131rma Hastanesi Sualt\u0131 Hekimli\u011fi ve Hiperbarik T\u0131p<\/strong><br>Korukent Mah., 96015 Sok. Mersin Entegre Sa\u011fl\u0131k Kamp\u00fcs\u00fc, 33240 Toroslar\/Mersin<br>Uzm. Dr. Eren Olcay<br>Tel: 0324 225 10 00<br>https:\/\/mersinsehir.saglik.gov.tr<\/p>\n\n\n\n<p><strong>\u00d6zel Mersin Hiperbarik Oksijen Merkezi<\/strong><br>Barbaros Mah. H\u00fcseyin Okan Merzeci Blv. 607\/A Yeni\u015fehir\/Mersin<br>Uzm. Dr. \u0130zzettin G\u00fcm\u00fc\u015f<br>Uzm. Dr. Abdusselam \u00c7elebi<br>Tel: 0324 326 00 94-326 0093<br>www.mersinhiperbarik.com<\/p>\n\n\n\n<p><strong>MU\u011eLA<\/strong><\/p>\n\n\n\n<p><strong>Mu\u011fla S\u0131tk\u0131 Ko\u00e7man \u00dcniversitesi T\u0131p Fak\u00fcltesi, Sualt\u0131 Hekimli\u011fi ve Hiperbarik T\u0131p Anabilim Dal\u0131 (Bas\u0131n\u00e7 odas\u0131 mevcut de\u011fil)<\/strong><br>K\u00f6tekli Mah. Marmaris Yolu Bulvar\u0131, No: 50, 48000, Mente\u015fe, Mu\u011fla<br>Dr. \u00d6\u011fr. \u00dcyesi Serkan Erg\u00f6zen<br>Tel: 0252 214 13 26<\/p>\n\n\n\n<p><strong>Bodrum Devlet Hastanesi<\/strong><br>Uzm. Dr. Nisa \u00d6rmeci<br>Konac\u0131k Mahallesi Ba\u015fe\u011fmez Cad. No 3, Konac\u0131k, Bodrum, Mu\u011fla<br>Tel: 0252 313 14 20<br><a href=\"https:\/\/bodrumdh.saglik.gov.tr\/\">https:\/\/bodrumdh.saglik.gov.tr\/<\/a><\/p>\n\n\n\n<p><strong>SAMSUN<\/strong><\/p>\n\n\n\n<p><strong>Samsun E\u011fitim ve Ara\u015ft\u0131rma Hastanesi (Bas\u0131n\u00e7 odas\u0131 mevcut de\u011fil)<\/strong><br>Bar\u0131\u015f Bulvar\u0131 Kad\u0131k\u00f6y Mahallesi No : 199 PK : 55090<br>\u0130lkad\u0131m\/SAMSUN<br>Uzm. Dr. Hasan Sivrikaya<br>Tel: 0362 311 1500<br>www.samsuneah.saglik.gov.tr<\/p>\n\n\n\n<p><strong>\u00d6zel Oksibar Hiperbarik Oksijen Merkezi<\/strong><br>Cumhuriyet Mah., 66. Sok., No:12A, Atakum, Samsun, T\u00fcrkiye<br>Uzm. Dr. S\u00fcleyman Metin (Hava ve Uzay Hekimli\u011fi)<br>Tel : 0362 437 95 95<br>https:\/\/www.oksibar.com\/<\/p>\n\n\n\n<p><strong>SAKARYA<\/strong><\/p>\n\n\n\n<p><strong>Sakarya \u00dcniversitesi E\u011fitim ve Ara\u015ft\u0131rma Hastanesi<\/strong><br>Adnan Menderes Cad. Sa\u011fl\u0131k Sok.No: 195 Adapazar\u0131<br>Uzm. Dr. Ramazan Tezcan<br>Tel : 0264 888 40 00 ( \u0130\u00e7 hat 1597, 1697)<br>www.seah.gov.tr<\/p>\n\n\n\n<p><strong>S\u0130VAS<\/strong><\/p>\n\n\n\n<p><strong>Sivas Numune Hastanesi<\/strong><br>Ye\u015filyurt Mah. \u015eifa Cad. S\u0130VAS<br>Uzm. Dr. Soner Uluda\u011f<br>Tel: 0346 215 08 33<br>https:\/\/sivasnumunedh.saglik.gov.tr<\/p>\n\n\n\n<p><strong>\u015eANLIURFA<\/strong><\/p>\n\n\n\n<p><strong>\u015eanl\u0131urfa E\u011fitim ve Ara\u015ft\u0131rma Hastanesi Hiperbarik Oksijen Tedavi Merkezi<\/strong><br>Yenice Mah. Yenice Yolu No:1 Eyy\u00fcbiye \/ \u015eanl\u0131urfa<br>Uzm. Dr. \u00d6zge Ye\u015filg\u00fcl Kaya<br>Tel: 0414 317 17 17<br><a href=\"https:\/\/sanliurfaeah.saglik.gov.tr\">https:\/\/sanliurfaeah.saglik.gov.tr<\/a><\/p>\n\n\n\n<p><strong>TRABZON<\/strong><\/p>\n\n\n\n<p><strong>Trabzon Kanuni E\u011fitim Ara\u015ft\u0131rma Hastanesi<br><\/strong>Ka\u015f\u00fcst\u00fc Mah. Topal Osman Cad. No: 7 Yomra \/ TRABZON<br>Uzm. Dr. Bekir \u00d6zcan<br>Tel: 0462 341 5656<br><a href=\"https:\/\/trabzonkanunieah.saglik.gov.tr\/\">https:\/\/trabzonkanunieah.saglik.gov.tr\/<\/a><\/p>\n\n\n\n<p><strong>VAN<\/strong><\/p>\n\n\n\n<p><strong>Van B\u00f6lge E\u011fitim Ara\u015ft\u0131rma Hastanesi<\/strong><br>S\u00fcphan Mah. Havayolu Kav\u015fa\u011f\u0131 1. Kilometre Galericiler Sitesi Kar\u015f\u0131s\u0131 Van<br>Uzm. Dr. Fatma Didem Kesler<br>Uzm. Dr. Buy\u00e7e Kaya (Hava ve Uzay Hekimi)<br>Tel: 0432 217 76 00, 215 76 01<br><a href=\"https:\/\/vaneah.saglik.gov.tr\/\">www.veah.saglik.gov.tr<\/a><\/p>\n\n\n\n<p><\/p>\n\n\n\n<p><\/p>\n\n\n\n<p><\/p>\n","protected":false},"excerpt":{"rendered":"<p>ADANA Adana \u015eehir E\u011fitim ve Ara\u015ft\u0131rma HastanesiDr. Mithat \u00d6zsan Bulvar\u0131 K\u0131\u015fla Mah. 4522 Sok. No:28 Y\u00fcre\u011fir\/ADANAUzm. Dr. Muhammed Y\u0131ld\u0131r\u0131mTel: (0322) 455 90 00http:\/\/adanasehir.saglik.gov.tr \u00d6zel Adana&#8230;<\/p>\n<div class=\"more-link-wrapper\"><a class=\"more-link\" href=\"http:\/\/sualti.org\/?page_id=11\">Devam\u0131n\u0131 okuyun<span class=\"screen-reader-text\">UZMANLAR<\/span><\/a><\/div>\n","protected":false},"author":1,"featured_media":0,"parent":0,"menu_order":0,"comment_status":"closed","ping_status":"closed","template":"","meta":{"footnotes":""},"class_list":["post-11","page","type-page","status-publish","hentry","entry"],"_links":{"self":[{"href":"http:\/\/sualti.org\/index.php?rest_route=\/wp\/v2\/pages\/11","targetHints":{"allow":["GET"]}}],"collection":[{"href":"http:\/\/sualti.org\/index.php?rest_route=\/wp\/v2\/pages"}],"about":[{"href":"http:\/\/sualti.org\/index.php?rest_route=\/wp\/v2\/types\/page"}],"author":[{"embeddable":true,"href":"http:\/\/sualti.org\/index.php?rest_route=\/wp\/v2\/users\/1"}],"replies":[{"embeddable":true,"href":"http:\/\/sualti.org\/index.php?rest_route=%2Fwp%2Fv2%2Fcomments&post=11"}],"version-history":[{"count":78,"href":"http:\/\/sualti.org\/index.php?rest_route=\/wp\/v2\/pages\/11\/revisions"}],"predecessor-version":[{"id":756,"href":"http:\/\/sualti.org\/index.php?rest_route=\/wp\/v2\/pages\/11\/revisions\/756"}],"wp:attachment":[{"href":"http:\/\/sualti.org\/index.php?rest_route=%2Fwp%2Fv2%2Fmedia&parent=11"}],"curies":[{"name":"wp","href":"https:\/\/api.w.org\/{rel}","templated":true}]}}